e 1 - (1 + (1 - 1)). Let x be (13/39)/(((-8)/2)/(-24)). Suppose x*n = 3*u - o*n - 43, u = n + 14. Calculate the highest common factor of u and 15.
15
Let q be (3 + (-3)/(-6))/((-1)/(-68)). Calculate the greatest common factor of q and 28.
14
Let u = -853 + 907. Suppose -4*g - u + 446 = 0. Let s(l) = 5*l**2 + 2*l - 2. Let c be s(-2). What is the greatest common divisor of g and c?
14
Let p(g) = 4*g - 6. Let q be p(-2). Let t = q - -7. Let i(y) = -y**3 - 7*y**2 + y + 17. Let k be i(t). Calculate the highest common factor of k and 2.
2
Let z = -11422 + 11428. Let w(y) = y**2 + 6. Let h be w(6). What is the greatest common divisor of h and z?
6
Let c be (30345/140)/(9/12). What is the highest common factor of 17 and c?
17
Let o be (1 + 37)*(-46)/(-4). Suppose 0 = -3*t + 7*t + 20, 4*j - t = o. Let f = j - -67. Calculate the highest common divisor of f and 25.
25
Suppose 0 = -3*r - 6. Let f be r/16*-4*4. Suppose k + 4*a = 6*k - 89, 5*k - 87 = f*a. What is the highest common divisor of k and 51?
17
Suppose -3*g = -9, 511 = 2*z - 0*z - g. Let n = 344 - z. Calculate the greatest common factor of 6 and n.
3
Let y be (9 - 10 - (-2)/(-2)) + (-522)/(-18). What is the greatest common factor of y and 1593?
27
Let c be 10/(3/(-12)*-8). Suppose -5*u = 3*t - 64, c*t + 80 = -2*u + 7*u. Calculate the highest common divisor of 252 and u.
14
Let g(p) = 7*p - 15. Let i be g(10). Suppose o + 4*o = i. Let f = -75 - -196. What is the highest common divisor of o and f?
11
Let t = -55 - -61. Suppose d + t = j, -4*d + 6*d = -2. Let a be 31/j + (-19)/95. Calculate the highest common divisor of 3 and a.
3
Let g = 182 - 169. Suppose -4*j + 5*m = -149, 10 - g = 3*m. What is the highest common divisor of 324 and j?
36
Let z(x) = 4*x**2 - 5*x - 1. Let u be z(-1). Let p be u - (-7 - -12) - 1. Calculate the greatest common divisor of p and 37.
1
Suppose -552*q - 310 = -562*q. Calculate the highest common factor of q and 744.
31
Suppose 3*n - 156 = n. Suppose -46*z - 144 = -58*z. What is the greatest common factor of n and z?
6
Let h = -6 - -6. Suppose h = -6*z + 167 + 163. Suppose 9*a - 88 = 5*a. Calculate the greatest common factor of a and z.
11
Suppose 64 = 2*j + 2*z, 7*j - 9*j - 3*z + 62 = 0. Suppose 0 = 3*r + r - 24. Calculate the greatest common factor of j and r.
2
Let o be (3750/(-55) + (-2)/(-11))*(-216)/288. Calculate the greatest common divisor of o and 2550.
51
Let t be (11/66 + (-4)/(-4))*12. Suppose 2*d = 10 + 4. What is the greatest common factor of t and d?
7
Let f be -10*((-510)/(-40) - 13)*2. Let a = 1 - 0. Calculate the highest common factor of a and f.
1
Let c(g) = -2*g**3 + 5*g**2 + 37*g + 158. Let v be c(-5). Calculate the highest common factor of 2958 and v.
174
Let n be ((-3)/(-2))/(48/64) + 3. Let u be -2*5*5*(n + -6). Suppose -5 = b + p - 15, -5*b - p + u = 0. Calculate the greatest common factor of 170 and b.
10
Let s(w) be the first derivative of -4*w**3/3 - 95*w**2/2 + 54*w - 12. Let h be s(-24). Calculate the highest common factor of h and 15.
15
Suppose -n = 3*l - 2697, 34*l - 33*l - 5*n - 899 = 0. Calculate the highest common divisor of l and 58.
29
Suppose 6 + 19 = 5*u. Let g(c) = -c**3 + 3*c**2 + 12. Let n be g(6). Let m be (496/6)/2 + n/72. Calculate the highest common factor of m and u.
5
Let o(a) = -a**2 + 5*a - 2. Let r be o(4). Suppose -15 = 3*x, 2*g + 4*x - 4 = r. Let p be -91*(-5 - 12/(-3)). Calculate the highest common factor of g and p.
13
Let t be (-2 - (1 - 338)) + (-8)/2. Let a = t - -138. What is the greatest common divisor of a and 67?
67
Let d = -2010 + 2025. What is the highest common factor of 243 and d?
3
Suppose 4*z - 3*a - 550 = 0, -6*z + 2*z + 5*a = -554. Suppose -2*m + 5*w - w + 340 = 0, 170 = m - 4*w. What is the highest common factor of z and m?
34
Let f = -69 - -75. Suppose x + 6*p - 15 = 7*p, 0 = -4*x - p + 45. Calculate the greatest common divisor of f and x.
6
Suppose -5*f = -f - 376. Let h = -43 + 134. Let d = f - h. What is the highest common divisor of d and 12?
3
Suppose 2 = 2*r - 2. Let d(g) = -6*g**3 + g**2 + 3*g + 3. Let t be d(-1). Suppose r*h = -t*h + 486. Calculate the highest common factor of 6 and h.
6
Suppose 0 = 2*d - 3*u - 3988, -5*d + 10038 = 2037*u - 2036*u. Calculate the highest common factor of 472 and d.
118
Suppose -119*o + 15510 = 137*o - 241*o. What is the highest common divisor of o and 188?
94
Let x(y) = y**3 + 6*y**2 - 15*y + 13. Let b be x(-8). Let z = 17 - b. What is the greatest common divisor of z and 2?
2
Let v(w) = w - 1. Let k be v(-2). Let u be (-143)/(-4) - k/12. Suppose -n - 116 = -30*n. Calculate the greatest common factor of n and u.
4
Let h be ((-1080)/972)/(6/(-81)). What is the greatest common divisor of 35205 and h?
15
Let y(g) = -8*g + 7. Let n be y(0). Suppose -30*t + 10 = -25*t. Let j be 0 - (226 - t)/(-4). Calculate the highest common factor of j and n.
7
Let n be 98 + (-22)/33*12. Suppose 18 = -0*w + 2*w. Let r be 4*(1 + w/6). What is the greatest common factor of n and r?
10
Let l = -5 - 1. Let c be 4/(l/(-10)*(-43)/(-258)). What is the greatest common divisor of c and 100?
20
Let s be (-1 - 427)*(3/8)/(30/(-40)). What is the highest common factor of s and 3959?
107
Suppose -2*l + 165*v = 166*v - 175, l - 115 = 5*v. Let a = 41 + -21. Let g = a + 16. Calculate the greatest common factor of g and l.
18
Suppose 204*p - 205*p + 236 = 0. Calculate the highest common divisor of p and 2242.
118
Suppose 25*t = -160 + 660. Suppose 0 = 42*s - 9*s - 1980. Calculate the highest common divisor of s and t.
20
Let z be -1 - (-307 + -18 + -16). Let k = -82 + 182. What is the greatest common divisor of z and k?
20
Let s(f) = f**3 - 31*f**2 + 183*f + 24. Let d be s(23). Let t(n) = n**2 - 9*n + 21. Let u be t(8). What is the highest common divisor of d and u?
1
Let t(f) = -2*f**2 - 7*f - 10. Let k be t(0). Let h be (-1 - (-78)/k)*(-1250)/20. What is the greatest common factor of h and 22?
22
Let m be 9/(-6)*4/(-3). Let u be ((-750)/5)/((-2)/2). Let x = -142 + u. What is the highest common divisor of x and m?
2
Let b = -23724 + 24333. Calculate the greatest common divisor of 77 and b.
7
Suppose 195459 = 188*o + 3*o - 96580. Calculate the greatest common divisor of 44 and o.
11
Let y(u) = u + 11. Let a be y(-6). Suppose -a*n - 4*w + 140 = 0, -3*w - 2*w + 121 = 4*n. Let q = n - 21. What is the greatest common factor of q and 21?
3
Let y = -8559 + 8975. Calculate the greatest common factor of 3016 and y.
104
Let n be (1 - 73/(-4))/((-268)/(-1072)). What is the greatest common factor of 561 and n?
11
Suppose 165*q - 43570 = 1970. Calculate the highest common divisor of q and 48.
12
Let j(c) = c**3 - 69*c**2 - 218*c + 159. Let f be j(72). What is the greatest common factor of f and 1605?
15
Suppose -2 = -2*o, -11 = -0*b - 2*b - o. Suppose 45 + 5 = b*v. Suppose -c + 9*c + 13*c = 420. What is the greatest common divisor of v and c?
10
Let v be (2/(-6))/(2/(-30)). Suppose g = v*g - 1128. Suppose -213*q - 180*q + 5358 = -279*q. What is the greatest common factor of g and q?
47
Let g(r) = -15*r + 31. Let t be g(2). Suppose w = 2*n - 59, 3*w - 4*w = -t. Calculate the highest common factor of n and 255.
15
Suppose 23*h + 4*h + 254131 = 254590. Let i = 313 + -75. What is the highest common divisor of i and h?
17
Let j(r) = 125*r - 323. Let t be j(3). What is the greatest common factor of t and 2210?
26
Suppose 3*d - 5 = 16. Let g be ((-18)/d)/(84/(-392)). Suppose g*r = 16*r - 1232. What is the greatest common factor of 28 and r?
28
Suppose 1973 = 18*d - 925. Suppose 5*g - d = -51. What is the highest common factor of g and 2?
2
Let o be 12/(-14)*-111 - 46/322. What is the greatest common factor of 209 and o?
19
Let j = 25796 - 18682. Calculate the greatest common divisor of 2 and j.
2
Let w be (2*3)/(3/3). Let a = 303 + -286. Suppose -n + 432 = a*n. Calculate the highest common factor of w and n.
6
Suppose 5*h + 87 = -j, 15 = -h + j - 2*j. Let c = 125 - h. Suppose 3*k + 4*d = c, 5*k = -4*d + 169 + 64. What is the highest common divisor of 15 and k?
15
Suppose -2*o = 2*l + 9 - 25, -3*o - l = -22. Suppose o*t + 3*t = 620. Suppose -3*p - 620 = -7*p. Calculate the highest common factor of p and t.
31
Let x be 53585/245 - 19 - 3/((-63)/6). Calculate the highest common divisor of x and 80.
40
Suppose l = 